m) = -m**3 + 6*m**2 - m + 2. List the prime factors of s(h).
2, 3, 5
Let u = -22 + 54. List the prime factors of u.
2
Suppose -6*u - 27 = -15. Let i be 4/(-4)*(1 + 0). List the prime factors of (i/(-2) - 3)*u.
5
Let t(m) = -m - 8. Let z be t(-8). Suppose 2*o = -z*o + 4. Let k = 3 + o. What are the prime factors of k?
5
Let r(y) be the third derivative of 7*y**4/24 - y**3/6 + 2*y**2. Let a be r(2). What are the prime factors of a + (2 - (-1 + 2))?
2, 7
Let v(d) be the first derivative of 3*d**2/2 + 2*d - 1. Let o be v(-4). Let u = o + 16. List the prime factors of u.
2, 3
Suppose -5*l = -3*q + 4*q - 128, -3*l = -12. What are the prime factors of q?
2, 3
Suppose 0 = 5*b - 61 - 89. Suppose -3*h = -6*h + b. Suppose 0*s + 2*s = h. What are the prime factors of s?
5
What are the prime factors of (4928/6)/4 - 1/3?
5, 41
Suppose 3*b - 9 = 5*l, -b - 2*b - 2*l + 9 = 0. Suppose p = -b*p + 104. What are the prime factors of p?
2, 13
Suppose -4*m + m = -87. What are the prime factors of m?
29
Suppose -2*f = -0*f - 2*b - 260, -126 = -f + 5*b. What are the prime factors of f?
131
Let a be -3 - (1 + -5 + 1). Suppose -2*p - 5*m + 0*m + 52 = a, -3*p = 2*m - 56. What are the prime factors of p?
2
Let l(h) = 2*h**2 - 9*h + 1. Let r = 0 + 6. List the prime factors of l(r).
19
Let f = 262 + -173. What are the prime factors of f?
89
List the prime factors of (9/(-6))/(3/(-20)).
2, 5
Suppose -156 = 3*s - 462. What are the prime factors of s?
2, 3, 17
Let r(x) = -x - 2. Let g(m) = 2*m + 1. Let z(q) = -3*g(q) - 2*r(q). List the prime factors of z(-4).
17
Let c = 23 - -20. What are the prime factors of c?
43
Let q = -14 + 18. Suppose -5*n - 5*m = -200 + 60, q*n - 114 = -5*m. What are the prime factors of n?
2, 13
Let a be (-2)/(-7) - 325/35. Let u be (-6)/a*9/2. Suppose -u*c = -15, -3*l - 2*c = -3*c - 4. List the prime factors of l.
3
Suppose -3*y - 76 = -4*s, 4*y + 36 = 2*s + 3*y. List the prime factors of s.
2
Let y(p) = p**2 - 3*p - 3. Let g be y(3). Let z = 12 - g. Let j = -7 + z. List the prime factors of j.
2
What are the prime factors of (-10)/135*3 + 2868/27?
2, 53
Let v(i) = 25*i**3 - 2*i**2 + i. Let z(w) = -2*w - 3. Let x be z(-2). What are the prime factors of v(x)?
2, 3
Suppose -u + 4 = u. Let d = 7 - 7. Suppose -5*j + 20 + 10 = z, d = j - u*z - 17. List the prime factors of j.
7
Suppose 2*o - 6*o = -16. Suppose o*z - 54 = 22. What are the prime factors of z?
19
Let u be 10/3 + (-4)/(-6). Suppose -4*f + 20 = -3*l, 3*f = u*l + 4 + 18. Suppose 4*v - 2*j - 68 = f*j, 6 = -3*j. What are the prime factors of v?
3, 5
Let y(c) = 3*c - 6. Let w(b) = 8*b - 17. Let o(p) = -6*w(p) + 17*y(p). Let g be o(1). Suppose 5*f - g*f = 8. What are the prime factors of f?
2
Let n = 6 - -1. Suppose 2*f - v + 2 - n = 0, -3*f - 15 = 3*v. Suppose f = 2*x - 6*x + 48. What are the prime factors of x?
2, 3
Let l(x) = 3*x**2 - 2*x. List the prime factors of l(5).
5, 13
Suppose 290 = 3*f + 2*f. Suppose -5*q + 2*z + 61 = 5*z, -f = -5*q - 4*z. List the prime factors of q.
2, 7
Let t(l) = -l + 12. Let m be t(10). Suppose -9 = -3*u + y + 2*y, -2*y = m*u - 26. Let v(o) = 2*o - 12. What are the prime factors of v(u)?
2
Suppose -5*i + 232 = 3*v, 2*v = -3*v + 3*i + 432. List the prime factors of v.
2, 3, 7
Let y(s) be the second derivative of s**4/12 - 2*s**3 - 7*s**2/2 - 10*s. What are the prime factors of y(16)?
3, 19
Let t(f) = -18*f - 62. What are the prime factors of t(-6)?
2, 23
Let j = 4 - 1. Suppose 64 = j*i + 5*l, -i + 0*l - 3*l = -28. List the prime factors of i.
13
Let w be (-12)/(3*2/4). Let n be (-4)/(w/(-6)) - 1. Let c = n + 17. List the prime factors of c.
13
Let s = 54 - 42. What are the prime factors of s?
2, 3
Let s = 2 + 5. Let p(d) = d + 3 - 1 - 3. List the prime factors of p(s).
2, 3
Let z(r) be the second derivative of r**4/6 + r**3/2 - 2*r. Let m be z(-2). Suppose m*x - 12 = -2*x. List the prime factors of x.
3
Let l = 3 - 1. Let u be (13/(-2))/((-1)/l). Suppose -4*x + u + 3 = 0. What are the prime factors of x?
2
Let b(r) = -r - 5. Let f be b(-7). Suppose 2 = i - f. What are the prime factors of i?
2
Let b(d) = -5*d**3 - d - 6. Let r(g) = -11*g**3 + g**2 - 3*g - 13. Let t(p) = -9*b(p) + 4*r(p). What are the prime factors of t(-4)?
2, 7
Let a(p) = p**2 - 3. Let r be a(0). What are the prime factors of (0 - (-3)/r) + 24?
23
Let z(j) = -4*j + 1. Let m be 2/3 - 20/12. Let n be z(m). Suppose 6*w - 35 = w - n*s, -2*s - 8 = 0. What are the prime factors of w?
11
Let p = -4 - -7. List the prime factors of (0 + 0 - p) + 48.
3, 5
Suppose 66 = 5*d - 54. List the prime factors of d.
2, 3
Suppose 0 = 4*o + 4 + 4, x = -2*o + 13. List the prime factors of x.
17
Let o be (30/(-10))/(1/(-3)). Let z(w) = -w + 1. Let j(i) = 4*i - 7. Let r(h) = j(h) + 2*z(h). What are the prime factors of r(o)?
13
Let g(c) = -3*c - 5. List the prime factors of g(-7).
2
Suppose 0*c + 80 = -4*c + 4*m, c + 3*m + 24 = 0. Let y = 15 - 28. Let z = y - c. List the prime factors of z.
2
Suppose 4 = -h - 1, 0 = 5*p + 4*h - 1030. What are the prime factors of p?
2, 3, 5, 7
Suppose -17*l = -6*l - 1331. What are the prime factors of l?
11
Let v(k) = k**2 + 11*k - 4. Let f be v(-9). Let p = f - -32. What are the prime factors of p?
2, 5
Let w(i) = 7*i**2 + i. Suppose -2*s - 1 = 2*x + x, 0 = 5*s + 2*x - 3. Let t = 2 - s. What are the prime factors of w(t)?
2
Suppose -5*y + 782 = 3*l, 2*l - y = l + 266. List the prime factors of l.
2, 3, 11
Suppose 0 = -x - 3*q - 7, 5*x = -q + 22 + 13. Suppose p - x = -0*p. What are the prime factors of p?
2
Let a(u) = 3*u**2 + 2. Let t be a(-2). Let w = -3 - -5. Suppose -h + w*h = t. What are the prime factors of h?
2, 7
Let j(v) = v**3 - 2*v**2 - 4*v - 3. Suppose 2*q = 4*q + 4. Let d be j(q). Let k = d - -20. List the prime factors of k.
3
Let j(d) = -3*d + 8. List the prime factors of j(-3).
17
Suppose 5*m - 8 = 2*r, 4*r = 3*r + 1. Let n(p) = p. Let t(y) = -6*y. Let x(h) = 39*n(h) + 6*t(h). List the prime factors of x(m).
2, 3
Let n(h) = h**3 - 2 - 5*h + 2*h**2 + 2*h + 3*h**2. What are the prime factors of n(-5)?
13
Let h = 99 + -52. List the prime factors of h.
47
Let b(u) = u**3 - 3*u**2 - 2*u - 2. Let s be b(4). List the prime factors of (s/(-1))/(-2) + 3.
2, 3
Let y(m) = -m**3 - 8*m**2 - 9*m + 4. What are the prime factors of y(-7)?
2, 3
Suppose 1 = -z + 5. Let i(w) = 1 + 7*w**2 - 1 + 4*w - 1 + z. List the prime factors of i(-2).
23
Suppose b = -3*b + 4. Let o be 0 + b - (-41)/1. What are the prime factors of (2 + o/(-15))*-5?
2
Let y(c) = -6*c - 2. Let q be y(-5). Suppose -q = -3*h - 1. List the prime factors of h.
3
Suppose -215 - 121 = -8*n. List the prime factors of n.
2, 3, 7
Let k = 0 - -28. List the prime factors of k.
2, 7
Suppose 0 = 2*z + 207 - 591. List the prime factors of z.
2, 3
Let s be 1/(-1) - 4*-2. Let a = s - 4. What are the prime factors of a?
3
List the prime factors of 0 + -3 + 4 - -14.
3, 5
Let y = 3 + -3. Suppose y + 32 = 4*w. What are the prime factors of 54/w + 3/12?
7
What are the prime factors of (15/10)/((-9)/(-876))?
2, 73
Let v(b) = b**3 - b**2 - b + 23. List the prime factors of v(0).
23
Let q(j) = 3*j + 2. Let f be 6 + -6 - (-1 - 1). Let v be q(f). Suppose 2*l - 4*l = -v. What are the prime factors of l?
2
Let b = 41 + -25. What are the prime factors of b?
2
Suppose -c + 28 = -54. List the prime factors of c.
2, 41
Suppose -k - 3 = b + 2, 4*b = -k - 11. Let v be (-2)/b*-1 - -7. Suppose -v = -2*o + 22. What are the prime factors of o?
2, 7
List the prime factors of (-4 + 3)*3 - -8.
5
Let s(w) = 2*w. Suppose -3*p - 2*a + 0*a + 23 = 0, 5*a = -5*p + 40. What are the prime factors of s(p)?
2, 7
Suppose 5*b - 2*b = -21. Let g(v) be the first derivative of v**3/3 + 7*v**2/2 + 9*v - 2. What are the prime factors of g(b)?
3
Let g(o) be the first derivative of -1/2*o**2 - 3*o + 1/3*o**3 + 1. List the prime factors of g(3).
3
Suppose y + 4*f - 22 = 0, 23 = y - 0*y + 3*f. What are the prime factors of y?
2, 13
Let c(h) = -h**3 - 3*h**2 + 4*h + 3. List the prime factors of c(-4).
3
Suppose -v + 48 = -5*v. List the prime factors of 3/v*2*-4.
2
Suppose -4*y = -0*y - 8. Suppose 0 = y*v - 7*v + 80. List the prime factors of v.
2
Suppose p - 3*p + 4 = -2*f, 3*p = -4*f + 6. Suppose 4*i + 35 = v, p*i + 4*v + 0 = -4. Let w(q) = -q**2 - 10*q - 1. What are the prime fac